+ 6. Let c be o(-7). Suppose -229*x = -244*x + 90. Calculate the highest common divisor of x and c.
6
Suppose 3*f = -7 + 46. Let d(w) = -5 + f*w**3 - 20*w**3 - 6*w + 6*w**3. Let l be d(-3). What is the greatest common divisor of 8 and l?
8
Let c(b) = -b - 1. Let f(v) = v + 1. Let y(n) = 4*c(n) + 5*f(n). Let h be y(-4). Let a be 2 + (0 - h)/3. Calculate the highest common divisor of 3 and a.
3
Suppose 8 = 5*q - 12. Suppose 312 = 6*v - q*v. Let h be ((-4)/8)/((-1)/v). Calculate the highest common factor of h and 52.
26
Let y be (-15)/(-6)*168/30. Suppose 0 = -r + 5*g + 6 + 6, -5*r + 5*g + 20 = 0. Suppose 0 = -r*f + f + 154. Calculate the highest common divisor of y and f.
14
Let d(a) be the third derivative of a**5/30 - 23*a**4/24 + 17*a**3/2 + 2*a**2. Let k be d(22). Calculate the greatest common factor of 57 and k.
57
Suppose -9*f + 10 = -35. Suppose -11*b = -28 - f. Calculate the greatest common divisor of b and 7.
1
Let s(j) = j**2 - 12*j - 118. Let b be s(-7). What is the greatest common divisor of b and 695?
5
Suppose -2*z = h - 25 - 20, 4*z - 5*h - 111 = 0. Suppose 2*x = 3*m - 6*m + 92, 3*m = -3*x + 90. What is the highest common divisor of z and m?
8
Let r = -499 + 904. Let j = -288 + r. Let a(l) = -l**2 + 10*l + 4. Let x be a(9). What is the highest common divisor of j and x?
13
Let d = 66 - 51. Let c(m) = 104*m + 1. Let u be c(1). Calculate the highest common factor of u and d.
15
Let z = 500 - 297. Let o be 15/(-2)*12/(-30). Suppose -2*l + z = h - 2*h, 0 = -h - o. Calculate the greatest common factor of 25 and l.
25
Let w = 1133 - 1028. Calculate the highest common divisor of 252 and w.
21
Let r = -454 - -538. Suppose -f + 5 = -0*f, -59 = -4*i + 5*f. What is the greatest common factor of r and i?
21
Let b = -7 + 9. Suppose -20 = 5*d, 2*c - b*d = 2*d + 18. Suppose -j = 5, 3*l + c = -5*j + 3. What is the greatest common divisor of l and 45?
9
Suppose -37*l + 64 = -29*l. What is the highest common factor of 104 and l?
8
Let w(h) = 14*h**2 - 1. Let s be w(2). Suppose 5*y + 3*u - s = 0, 0*u - 11 = -y - 4*u. Let t = 21 - y. Calculate the highest common factor of 40 and t.
10
Let r(y) = -y**3 + 7*y**2 + 6*y - 3. Let k be r(5). Calculate the highest common factor of k and 11.
11
Suppose -39 = 3*h - 54. Suppose 5 = -4*n + h*q - 12, 0 = 5*n - 3*q + 5. Let z be (-2)/6*(-588)/n. Calculate the greatest common factor of 14 and z.
14
Let p(t) = 7*t + 137. Let k be p(-11). What is the highest common factor of 150 and k?
30
Suppose -c - 3*h + 33 = 0, -3*c + 102 - 33 = 3*h. Calculate the highest common divisor of 3294 and c.
18
Let f = 772 + -770. What is the highest common factor of 50 and f?
2
Let m(x) = x**3 + 13*x**2 + 11*x - 7. Let k be m(-12). Suppose -5*b = k*f - 140, 4*f - b + 3*b = 104. What is the greatest common factor of 120 and f?
24
Suppose 38*a - 3 = -r + 35*a, 26 = 4*r + 5*a. Suppose -2*g + 150 + 70 = 0. Let c = -74 + g. Calculate the highest common divisor of r and c.
9
Let o = 3 + 0. Let u(c) = 4*c**2 - 3*c + 2. Let s be u(o). Let i = -19 + s. Calculate the highest common factor of i and 40.
10
Suppose 637 = -457*o + 464*o. What is the greatest common divisor of 286 and o?
13
Let p(l) be the second derivative of l**4/4 - 55*l**3/6 - 49*l**2/2 + 12*l. Let g be p(23). What is the greatest common divisor of g and 39?
39
Let i(o) = -243*o**3 - 4*o**2 - 10*o - 5. Let j be i(-1). What is the greatest common factor of j and 8?
4
Suppose -163*o = -161*o - h - 494, 5*h = 2*o - 510. What is the highest common factor of o and 1078?
49
Suppose 3*j = 4*m + 380, 5*j - 2*m - 676 = -6*m. What is the highest common divisor of 96 and j?
12
Let y be 43255/328 - 1/(-8). What is the highest common divisor of 220 and y?
44
Suppose 10*f = 6*f - 2*o + 3822, 0 = -5*f + o + 4767. What is the greatest common factor of 18 and f?
18
Let f = 246 - -62. Calculate the highest common factor of f and 77.
77
Suppose v - 12 = 4*v. Let k be v + 5 - (2 - 3). What is the greatest common factor of k and 6?
2
Suppose 548 - 27 = 3*h - 5*z, 0 = -4*h - 4*z + 748. What is the greatest common factor of 126 and h?
14
Suppose 116*a - 115*a - 9 = 0. Let f be 112/12 - (-2)/(-6). Calculate the highest common factor of f and a.
9
Let n be (-1)/(3/(-24)*2). Let p = -17 + 36. Let y = -3 + p. What is the greatest common factor of y and n?
4
Let o(w) = -w**3 + w + 5. Let c be o(0). Let t(x) = 4*x - 6. Let u be t(c). Let r = 113 - 78. What is the greatest common divisor of u and r?
7
Suppose -o + 21 = -2*l, -5*l + l = 2*o - 18. Calculate the greatest common divisor of o and 45.
15
Suppose -5*d + 505 = 5*p, -3*d + 445 = 5*p - 50. Calculate the greatest common divisor of p and 64.
32
Suppose -3*x = -5*g - 5, -x = 2*x - 15. Suppose -7*r + 40 = -g*r. Calculate the greatest common divisor of r and 8.
8
Suppose -2*r = -k + 6*k + 149, r - 4*k + 55 = 0. Let y = -28 - r. What is the highest common divisor of y and 13?
13
Let z = 7 + 2. Let h(v) = -v - 3 - 10*v**2 - 6*v + z*v**2. Let a be h(-6). Calculate the greatest common divisor of 6 and a.
3
Suppose 0 = 2*a - 14 - 58. Calculate the highest common factor of 180 and a.
36
Let g be (-66)/(-55)*(-140)/6. Let w be (g/8)/(1/(-14)). What is the highest common divisor of w and 7?
7
Suppose 10*v = 5*v - 4*x + 38, 0 = 5*x + 15. What is the highest common factor of 490 and v?
10
Let z be 4/(-3)*2574/(-78). Calculate the greatest common factor of 572 and z.
44
Suppose 0 = 2*a + 4*a + 204. Let c be (a - 5)/((-6)/4). Let r be (-2)/((-148)/(-156) - 1). What is the greatest common divisor of r and c?
13
Suppose -l - 8*u + 20 = -3*u, 0 = -l - 4*u + 17. Let v = l - 4. Let k be 38 + (0/v - 2). Calculate the greatest common factor of k and 9.
9
Suppose -5*v + 2*p = 5*p - 43, -2*p = v - 10. Let w = 47 - 31. What is the greatest common divisor of w and v?
8
Let c be 104 - (-7 + (-8)/8). What is the greatest common divisor of c and 28?
28
Let y = 18 - -62. Suppose 0 = 6*n - 5*n - y. Let g be ((-96)/9)/((-2)/6). Calculate the highest common divisor of n and g.
16
Let z = 579 + 717. Calculate the highest common divisor of z and 96.
48
Let t(a) = -a - 8. Let d be t(-16). Suppose 444 + 36 = d*w. What is the greatest common factor of w and 24?
12
Let i = 164 - 7. Suppose 2*t + 336 = -4*j + 6*t, 4*t - 415 = 5*j. Let d = j + i. What is the greatest common factor of d and 26?
26
Suppose -3*k - 5*d - 10 = 2*k, 0 = 5*k - 4*d + 1. Let q = k + 27. Let g = q + -17. Calculate the greatest common divisor of g and 81.
9
Suppose -2*n = -6*n + 64. Calculate the greatest common divisor of 8 and n.
8
Let m(s) = s**3 - 20*s**2 + 84*s + 13. Let j be m(14). Calculate the highest common factor of j and 143.
13
Let t(f) = -f**3 - 3*f**2 + f - 7. Let x be t(-4). Suppose 5*j + 0*j = 5*a - 30, -4*j - 32 = -x*a. What is the greatest common divisor of a and 20?
4
Let h = 73 + 7. Suppose 3*p + 3*l - 14 = 5*l, -2*l - 22 = -5*p. Suppose 3*x - p*x = -10. What is the highest common factor of h and x?
10
Suppose 216 + 0 = 3*i. Let q(t) = 3*t. Let j be q(8). What is the highest common divisor of j and i?
24
Suppose 76 = -p - 2*p + u, -4*p = -4*u + 104. Let s be (-340)/p + 2/5. What is the greatest common divisor of 70 and s?
14
Suppose 2*p - 2 = -5*h + 3, -4*p - 5 = -5*h. Suppose 6411*u - 22 = 6409*u. Calculate the highest common factor of u and h.
1
Let j = 11 + 12. Suppose -j*k + 20*k = -144. What is the greatest common factor of 8 and k?
8
Let i be 1179/30 + (-102)/340. What is the greatest common divisor of i and 221?
13
Suppose n + 1 = 4. Let q(b) = -8*b - 10. Let s be q(-5). Let d = s - 24. Calculate the greatest common factor of d and n.
3
Let s = -23 + 14. Suppose 18*g + 29 = -3*b + 19*g, 10 = 5*g. Let f be s/2*(b - 11). Calculate the highest common divisor of f and 36.
18
Suppose 37*q = 47*q - 620. What is the greatest common divisor of 155 and q?
31
Let m be 2/13 + (-2)/(-26)*37. Suppose -m*z - 27 = -6*z. Suppose 0 = -x + 16 + 56. Calculate the greatest common divisor of z and x.
9
Let l be 2 - 1 - -7 - (-12 - -8). Let b(g) = -7*g**2 + g. Let s be b(-1). Let w(d) = -7*d + 4. Let p be w(s). Calculate the greatest common divisor of p and l.
12
Suppose -610*u = -604*u - 270. What is the highest common divisor of 165 and u?
15
Let w(v) = 29*v**2 - 24*v - 164. Let i be w(-6). What is the highes